ainder when 318 is divided by -20*-5*6/z?
38
Let p = 303 + -231. Suppose 0 = 3*d - 3*v - 210, 3*v - 120 = -3*d + p. What is the remainder when 70 is divided by d?
3
Let k be (4 - (3 - -3))*(-2 + 1). Suppose -p + 3*i = -2*p + 21, -k*i + 44 = 4*p. What is the remainder when 6/(108/994) + (-2)/p is divided by 19?
17
Suppose 4*q = -16, -u = 2*u - 5*q - 56. Suppose 11 = -6*h - 7. What is the remainder when u is divided by 1080/144*(-2)/h?
2
Calculate the remainder when 26 is divided by (20/(-4))/(12/(-5 + -7)).
1
Let o be ((-84)/21)/(-2 - -1). Suppose 3*a + 3 = 0, 2*m - 169 = 9*a - o*a. Calculate the remainder when m is divided by 42.
40
Let m(f) = -f**3 + 37*f**2 - 201*f - 72. Calculate the remainder when m(30) is divided by 3.
0
Suppose -8700 = -15*s + 7275. Calculate the remainder when s is divided by 63.
57
Let j(p) = -p**2 - 61*p - 802. What is the remainder when 19 is divided by j(-20)?
1
Let n(b) = 1103*b + 53189. What is the remainder when n(0) is divided by 18?
17
Let g(m) = 2*m**3 - 13*m**2 + 5*m - 15. Let x be g(7). Suppose x = 2*h + s, h - s - 71 = -h. What is the remainder when 94 is divided by h?
24
Suppose 18020*v - 372 = 17989*v. What is the remainder when 7919 is divided by v?
11
Let g(r) = r**3 + 10*r**2 + 4*r + 44. Let f be g(-10). Suppose -f*k - 3*y - y + 300 = 0, 3*y + 213 = 3*k. Calculate the remainder when k is divided by 12.
1
Calculate the remainder when 3933/6*3/(-36)*-8 is divided by 22.
19
Suppose -2356*m + 2336*m = -44120. What is the remainder when m is divided by 184?
182
Suppose -y = -u - 50, -4*y = 781*u - 783*u - 204. What is the remainder when 773 is divided by y?
45
Let t(h) = -1444*h - 9453. Calculate the remainder when t(-7) is divided by 73.
71
Let y = 8 + -8. Let x(n) = 11*n**3 - 2*n**2 - 2*n + 2. What is the remainder when x(2) is divided by (4 - -17) + y + -1?
18
Suppose -35 = 12*b + 73. Let u(s) = -9*s - 75. What is the remainder when 70 is divided by u(b)?
4
Let m(c) = 4*c + 22. Let n be m(-4). Suppose n*f - 601 = 113. What is the remainder when f is divided by 14?
7
Let p be 700753/(-7) - 24/84*-2. What is the remainder when (0 - (2 + -1))/(441/p) is divided by 12?
11
Let f = 638 + -269. Suppose -3*x = -0*a + 3*a + f, -3*x = -4*a - 506. Let g = 52 - a. Calculate the remainder when g is divided by 36.
33
Let m = 210 - 133. Let l = m - 74. Let z(y) = y**3 - 3*y**2 + 3. Calculate the remainder when z(l) is divided by 1.
0
Let o = 3517 - 3289. What is the remainder when 923 is divided by o?
11
Suppose p = 5*p + 24. Let k = -20121 - -20239. What is the remainder when k is divided by p/(-27) - (-178)/9?
18
Suppose 1420 = -43*b + 63*b. What is the remainder when b is divided by 6?
5
Suppose 2177 = 12*d - 5*d. Suppose -d*o = -318*o + 203. What is the remainder when 107 is divided by o?
20
Let o = 129 + -23. Suppose -24 = 2*j - o. Calculate the remainder when 162 is divided by j.
39
Suppose 18*n - 2*n = 1488. Let q be (4/(-3))/((-1)/n). Calculate the remainder when q - (-15)/12*-4 is divided by 30.
29
Let x be 870/(6 - 0) + (0 - -3). Suppose -x = 8*a - 12*a. What is the remainder when 145 is divided by a?
34
Suppose -20*u - 346 + 1826 = 0. Let n be 3 - (-4)/(4/41). Let q = n - 29. What is the remainder when u is divided by q?
14
What is the remainder when (-1694004)/(-780)*5/3 - 8/(-6) is divided by 117?
111
Let d be ((-1700)/6)/(-5) - (-28)/21. Suppose -14*h + d = -222. What is the remainder when 87 is divided by h?
7
Let d(t) = 9*t + 1. Suppose -42 = -2*p + 12. Let b = p + 46. Calculate the remainder when b is divided by d(2).
16
What is the remainder when 5894/49 + 82/(-287) is divided by 21?
15
What is the remainder when 126 is divided by -6 - (((-18)/12)/(1/(-2)) - 12)?
0
Let s be 7 + (0 - 0 - 2). Suppose -i = -s*u + 18, 5*u + 4*i + 0 = 3. Calculate the remainder when 1395/105 + 6/(-21) is divided by u.
1
Let r(t) = -31 + 9*t + 30 + 172 - 13*t. Calculate the remainder when r(-3) is divided by 46*(3 + -2 - 0).
45
Calculate the remainder when 619 is divided by (-5)/((-50)/1596) - (-1)/((-10)/6).
142
Let j = -1025 - -1037. Suppose -o = a - 8, -2*o = -5*o - 5*a + 34. Suppose -o*u + 115 = -92. Calculate the remainder when u is divided by j.
9
Suppose 3*k - 766 = 5*n, -3*k - 5*n = -470 - 246. What is the remainder when 3950 is divided by k?
245
Let w(y) = 19*y - 54. Let l(p) = -8*p**3 + p**2 + 8*p + 6. Let q be l(-1). Calculate the remainder when w(q) is divided by 35.
9
Let b be (-8)/12 - 17/(-3). Suppose 0 = 3*h - 0*h + 4*p - 35, -b*p = -5*h. Suppose 0 = -h*v + 69 - 24. Calculate the remainder when 18 is divided by v.
0
Suppose 50*z = 53982 + 1968. Calculate the remainder when z is divided by 3.
0
Suppose 23*v - 5*v - 17226 = 0. Let c = v + -678. Calculate the remainder when c is divided by 28.
27
Let q(w) = -4*w**3 + 3*w**3 + 0*w**3 + 67. Suppose 0 = 34*o + 31*o + 31 - 31. What is the remainder when q(o) is divided by 10?
7
Let p be (-4)/(-1)*(1 - 0). Suppose 316 + 180 = p*h. What is the remainder when h is divided by -2 - 1 - (61 + -63 - (-1 + 44))?
40
Suppose -2*q + 8 = -40. Suppose -13*y - 4*y - 204 = 0. What is the remainder when (y/8)/(4/(-176)) is divided by q?
18
Suppose -42 = -4*v - 5*h, h - 3*h = -2*v + 12. Suppose -40 = -2*j - 4*d + v*d, j + 5*d - 34 = 0. Calculate the remainder when 93 is divided by j.
21
Let r(i) = 192*i**3 + 36*i**2 - 31*i - 4. What is the remainder when 20455 is divided by r(1)?
190
Let l(g) = -50*g - 61*g**2 + 35*g**2 + 5 + 12 - g**3 - 2. What is the remainder when 118 is divided by l(-24)?
55
Let b(h) = 6*h + 47 - 8*h**2 - 41*h**3 - 23*h + 42*h**3 - 3*h. What is the remainder when 179 is divided by b(10)?
38
Let y(p) = p**3 + 13*p**2 + 9*p + 182. What is the remainder when 200 is divided by y(0)?
18
Suppose -5*a - 12 = -3*f + 22, -a = 3*f - 22. Suppose -3*o - f*o = -1474. Calculate the remainder when o is divided by 34.
32
Suppose 0 = -5*n + 2*c + 1787, 5*c - 21 = -3*n + 1045. Suppose -4*p = 13*p - n. What is the remainder when 39 is divided by p?
18
What is the remainder when 9 + (309 + 31 - (-6)/2) is divided by 13?
1
Let y(u) = u + 26. Let d be y(-44). Calculate the remainder when (-4)/d + (-16856)/(-126) is divided by 35.
29
Suppose 208 + 167 = 5*b. Calculate the remainder when (4/(-6))/((-711)/232497) is divided by b.
68
What is the remainder when (-1 - -19)*15*(-14)/(-28) is divided by 88?
47
Let j = -108 + 184. Suppose 2*m = 3*d - j + 16, 4*d = -4*m + 60. Suppose -29 = 36*y - 3233. What is the remainder when y is divided by d?
17
Suppose -5*a = j - 9800, 0 = 43*a - 47*a - 4*j + 7856. What is the remainder when a is divided by 27?
15
Let k(f) = -f**3 - 10*f**2 - 23*f - 6. Calculate the remainder when 491 is divided by k(-7).
3
Let v(t) = -3 - 9*t + 3*t**2 + 11*t + t**3 + 10 + 11*t. Let j be v(-5). Calculate the remainder when 104 is divided by (4/(-12))/(2/j).
14
Let s = -17561 - -17578. What is the remainder when 74 is divided by s?
6
Let i = 141 - 138. Suppose -177 = -i*g + 126. Let s = 13 - -8. What is the remainder when g is divided by s?
17
Let d = 7535 - 5704. What is the remainder when d is divided by 11?
5
Suppose -174*g = -13*g - 7245. What is the remainder when 332 is divided by g?
17
Calculate the remainder when 97 is divided by (2 + 5)*(2 - (6 + -9))/1.
27
Let z = 242 + -135. Let d(l) = 422*l + 19 - 216*l - 208*l. What is the remainder when z is divided by d(4)?
8
Let f be ((-2)/(-6))/((-1)/(-15)). Suppose 9 = a - 5*t - 118, 0 = -3*a + f*t + 341. What is the remainder when a is divided by (-9)/((-4)/21 + 1200/(-70) + 17)?
26
What is the remainder when (153408/1904)/((-4)/(-686)) is divided by 51?
48
Let i = 4037 - 3751. What is the remainder when i is divided by 88?
22
Suppose -4*k - 39 = -3*b, 4*k = 2*k + 2*b - 20. Let d(c) = 3*c + 33. Let z be d(k). Let t = 29 - z. What is the remainder when 42 is divided by t?
19
Suppose -1 = r, b + 2 = -3*b - 2*r. Suppose b = -39*f + 1588 + 830. Calculate the remainder when f is divided by 51.
11
Let n be (-5 + -5)/(4/(-18)). Suppose -n*m = -55*m + 290. Calculate the remainder when 79 is divided by m.
21
What is the remainder when (-40)/8 + (-9 - -9 - (-105 + -2)) is divided by 25?
2
Let f(r) = -2*r**2 + 41*r - 45. Suppose 13*n = n - 576. Let t = n + 67. Calculate the remainder when 71 is divided by f(t).
11
Suppose -1